{"id":1810,"date":"2012-09-13T13:26:47","date_gmt":"2012-09-13T13:26:47","guid":{"rendered":"http:\/\/www.saxonline.it\/w3\/?page_id=1810"},"modified":"2021-01-08T11:56:45","modified_gmt":"2021-01-08T13:56:45","slug":"sostituzione-di-tritono","status":"publish","type":"page","link":"https:\/\/www.jazzlab.saxonline.it\/w3\/teoria\/le-cadenze\/sostituzione-di-tritono\/","title":{"rendered":"Sostituzione di tritono"},"content":{"rendered":"<p>La sostituzione di tritono si basa sulla affinit\u00e0 che esiste tra due accordi di dominante distanti tra di loro una quarta aumentata (tritono).<\/p>\n<p>Questi hanno in comune la coppia attiva di voci (note accordali) che \u00e8 formata da terza e settima. Questa coppia di suoni \u00e8 a sua volta separata da un intervallo di tritono e rappresenta la parte &#8220;attiva&#8221; dell&#8217;accordo in quanto la dissonanza fra le due note trova risoluzione nel movimento alla tonica ( <a href=\"https:\/\/www.jazzlab.saxonline.it\/w3\/teoria\/le-cadenze\/cadenza-ii-v\/\">Cadenza V \u2192 I<\/a> ).<\/p>\n<p>Nei due accordi questa coppia di suoni si presenta invertita ma ci\u00f2 non impedisce loro di svolgere la <a href=\"https:\/\/www.saxonline.it\/teoria\/analisi-armonica\/\">funzione armonica<\/a> di dominante l&#8217;uno al posto dell&#8217;altro.<\/p>\n<p><img loading=\"lazy\" decoding=\"async\" class=\"aligncenter wp-image-2775\" src=\"http:\/\/www.saxonline.it\/w3\/wp-content\/uploads\/2012\/09\/tritono-1024x986.jpg\" alt=\"tritono\" width=\"346\" height=\"333\" srcset=\"https:\/\/www.jazzlab.saxonline.it\/w3\/wp-content\/uploads\/2012\/09\/tritono-1024x986.jpg 1024w, https:\/\/www.jazzlab.saxonline.it\/w3\/wp-content\/uploads\/2012\/09\/tritono-300x289.jpg 300w, https:\/\/www.jazzlab.saxonline.it\/w3\/wp-content\/uploads\/2012\/09\/tritono-768x740.jpg 768w, https:\/\/www.jazzlab.saxonline.it\/w3\/wp-content\/uploads\/2012\/09\/tritono.jpg 1079w\" sizes=\"auto, (max-width: 346px) 100vw, 346px\" \/><\/p>\n<p>Come si vede nella figura \u00a0F7 e B7, distanti tra di loro tre toni interi (vedi <a href=\"http:\/\/www.saxonline.it\/teoria\/gli-intervalli\/\">pagina sugli intervalli<\/a>), \u00a0hanno in comune le note LA e MIb (RE# nel B7) che si presentano in modo inverso (sottosopra). Terza e settima sono a loro volta distanti tra di loro tre toni e formano, di nuovo, un intervallo di tritono la cui sonorit\u00e0 dissonante costituisce caratteristica fondamentale dell&#8217;accordo di dominante che lo contiene. I due accordi pertanto, contenendo lo stesso intervallo di tritono possono svolgere la funzione di dominante nelle due tonalit\u00e0 in modo intercambiabile. F7, dominante nella tonalit\u00e0 di Bb, pu\u00f2 svolgere funzione di dominante (sostituita) nelle tonalit\u00e0 di E dove la dominante primaria \u00e8 B7, e B7 pu\u00f2 fare lo stesso nella tonalit\u00e0 di Bb.<\/p>\n<p>Di seguito sono disponibili alcuni spartiti con frasi costruite nelle rispettive scale di appartenenza degli accordi sostituiti, a titolo di esempio di applicazione della sostituzione di tritono nel fraseggio jazz. Negli esempi in pdf la tonalit\u00e0 di impianto della cadenza due cinque \u00e8 DO . La cadenza \u00e8 quindi Dm7 G7 Cmaj7. \u00a0Applicando la sostituzione di tritono a questa cadenza \u00a0la dominante G7 viene sostituita da Db7 che \u00e8 l&#8217;accordo di dominante che contiene lo stesso intervallo di tritono tra terza e settima. ( le note FA e SI che in Db7 rappresentano la terza e la settima dell&#8217;accordo, sono presenti anche nell&#8217;accordo di G7 ma nella posizione inversa cio\u00e8 SI \u00e8 la terza e FA \u00e8 la settima).<\/p>\n<p>La tabella riporta le scale Lidian Dominant (Lidia B7) e Altered (superlocria) con la scala minore melodica dalla quale derivano e le sigle accordali corrispondenti<\/p>\n<p>&nbsp;<\/p>\n<p><img loading=\"lazy\" decoding=\"async\" class=\"aligncenter wp-image-3209 size-large\" src=\"https:\/\/www.jazzlab.saxonline.it\/w3\/wp-content\/uploads\/2021\/01\/Minore-Melodica-Lidia-Dominante-e-Scala-Alterata-791x1024.jpg\" alt=\"\" width=\"604\" height=\"782\" srcset=\"https:\/\/www.jazzlab.saxonline.it\/w3\/wp-content\/uploads\/2021\/01\/Minore-Melodica-Lidia-Dominante-e-Scala-Alterata-791x1024.jpg 791w, https:\/\/www.jazzlab.saxonline.it\/w3\/wp-content\/uploads\/2021\/01\/Minore-Melodica-Lidia-Dominante-e-Scala-Alterata-232x300.jpg 232w, https:\/\/www.jazzlab.saxonline.it\/w3\/wp-content\/uploads\/2021\/01\/Minore-Melodica-Lidia-Dominante-e-Scala-Alterata-768x994.jpg 768w, https:\/\/www.jazzlab.saxonline.it\/w3\/wp-content\/uploads\/2021\/01\/Minore-Melodica-Lidia-Dominante-e-Scala-Alterata-1187x1536.jpg 1187w, https:\/\/www.jazzlab.saxonline.it\/w3\/wp-content\/uploads\/2021\/01\/Minore-Melodica-Lidia-Dominante-e-Scala-Alterata-1583x2048.jpg 1583w, https:\/\/www.jazzlab.saxonline.it\/w3\/wp-content\/uploads\/2021\/01\/Minore-Melodica-Lidia-Dominante-e-Scala-Alterata.jpg 1700w\" sizes=\"auto, (max-width: 604px) 100vw, 604px\" \/><\/p>\n<p>&nbsp;<\/p>\n<p>In basso puoi verificare l&#8217;uso delle scale alterate. Sullo spartito sono riportate alcune frasi costruite usando queste scale.Come nela tabella superiore anche negli esempi la scala presa in considerazione \u00e8 la scala minore melodica di Ab nel suo quarto modo denominato LIDIA b7 o dominante 5b. La stessa scala viene spesso intesa come settimo modo (detta superlocria o scala alterata) corrispondente alla nota SOL. La sigla, in questo caso, sar\u00e0 G7 alt ( cio\u00e8 11#, 13b, 9#, 9b) che corrisponde pienamente, come scala, al Db7 b5 indicato come sostituzione di tritono di G7.<\/p>\n<p>&nbsp;<\/p>\n<p>&nbsp;<\/p>\n<p><strong>BASE PER ESERCITARSI : Dm7| G7| Cmaj7| A7b9|| :\u00a0<a href=\"http:\/\/www.saxonline.it\/w3\/wp-content\/uploads\/2012\/09\/Base-con-sostituzione-d-tritono.mid\">Base con sostituzione di tritono<\/a><\/strong><\/p>\n<p><strong>Spartiti di esempio:\u00a0<a href=\"http:\/\/www.saxonline.it\/w3\/wp-content\/uploads\/2012\/09\/tritono.pdf\">Tritono<\/a>,\u00a0<a href=\"http:\/\/www.saxonline.it\/w3\/wp-content\/uploads\/2012\/09\/tritono-2.pdf\">Tritono 2<\/a>, <a href=\"http:\/\/www.saxonline.it\/w3\/wp-content\/uploads\/2012\/09\/melodica.pdf\">Scala minore Melodica<\/a><\/strong><\/p>\n<h3>Imparare il Jazz<\/h3>\n<p>Coerentemente con l&#8217;impostazione didattica tradizionale del jazz e con l&#8217;intento di sviluppare le capacit\u00e0 improvvisative l&#8217;interiorizzazione della teoria viene perseguita attraverso la memorizzazione e la successiva trasformazione del materiale melodico di repertorio jazzistico nel quale la teoria viene utilizzata. Per imparare ad improvvisare usa le <a href=\"https:\/\/www.saxonline.it\/informazioni\/\">lezioni online<\/a>.<\/p>\n<p>&nbsp;<\/p>\n","protected":false},"excerpt":{"rendered":"<p>La sostituzione di tritono si basa sulla affinit\u00e0 che esiste tra due accordi di dominante distanti tra di loro una quarta aumentata (tritono). Questi hanno in comune la coppia attiva di voci (note accordali) che \u00e8<a class=\"moretag\" href=\"https:\/\/www.jazzlab.saxonline.it\/w3\/teoria\/le-cadenze\/sostituzione-di-tritono\/\">Read More&#8230;<\/a><\/p>\n","protected":false},"author":2,"featured_media":0,"parent":1726,"menu_order":20,"comment_status":"closed","ping_status":"closed","template":"","meta":{"footnotes":""},"class_list":["post-1810","page","type-page","status-publish","hentry"],"_links":{"self":[{"href":"https:\/\/www.jazzlab.saxonline.it\/w3\/wp-json\/wp\/v2\/pages\/1810","targetHints":{"allow":["GET"]}}],"collection":[{"href":"https:\/\/www.jazzlab.saxonline.it\/w3\/wp-json\/wp\/v2\/pages"}],"about":[{"href":"https:\/\/www.jazzlab.saxonline.it\/w3\/wp-json\/wp\/v2\/types\/page"}],"author":[{"embeddable":true,"href":"https:\/\/www.jazzlab.saxonline.it\/w3\/wp-json\/wp\/v2\/users\/2"}],"replies":[{"embeddable":true,"href":"https:\/\/www.jazzlab.saxonline.it\/w3\/wp-json\/wp\/v2\/comments?post=1810"}],"version-history":[{"count":14,"href":"https:\/\/www.jazzlab.saxonline.it\/w3\/wp-json\/wp\/v2\/pages\/1810\/revisions"}],"predecessor-version":[{"id":3210,"href":"https:\/\/www.jazzlab.saxonline.it\/w3\/wp-json\/wp\/v2\/pages\/1810\/revisions\/3210"}],"up":[{"embeddable":true,"href":"https:\/\/www.jazzlab.saxonline.it\/w3\/wp-json\/wp\/v2\/pages\/1726"}],"wp:attachment":[{"href":"https:\/\/www.jazzlab.saxonline.it\/w3\/wp-json\/wp\/v2\/media?parent=1810"}],"curies":[{"name":"wp","href":"https:\/\/api.w.org\/{rel}","templated":true}]}}